7.
13, 359
What are the prime factors of 22918?
2, 7, 1637
What are the prime factors of 648?
2, 3
List the prime factors of 31977.
3, 11, 17, 19
What are the prime factors of 380?
2, 5, 19
List the prime factors of 5037.
3, 23, 73
List the prime factors of 1880.
2, 5, 47
What are the prime factors of 14052?
2, 3, 1171
List the prime factors of 1601.
1601
List the prime factors of 4536.
2, 3, 7
What are the prime factors of 1217?
1217
What are the prime factors of 1727?
11, 157
What are the prime factors of 14098?
2, 7, 19, 53
List the prime factors of 320.
2, 5
List the prime factors of 74812.
2, 59, 317
List the prime factors of 1240.
2, 5, 31
What are the prime factors of 79031?
79031
What are the prime factors of 28729?
28729
List the prime factors of 513.
3, 19
List the prime factors of 499.
499
What are the prime factors of 665?
5, 7, 19
List the prime factors of 30480.
2, 3, 5, 127
List the prime factors of 7875.
3, 5, 7
List the prime factors of 571.
571
What are the prime factors of 2307?
3, 769
List the prime factors of 84579.
3, 11, 233
What are the prime factors of 3074?
2, 29, 53
List the prime factors of 521.
521
List the prime factors of 92008.
2, 7, 31, 53
List the prime factors of 1584.
2, 3, 11
What are the prime factors of 80?
2, 5
List the prime factors of 1004.
2, 251
List the prime factors of 34267.
34267
What are the prime factors of 2421?
3, 269
List the prime factors of 30932.
2, 11, 19, 37
List the prime factors of 3568.
2, 223
List the prime factors of 888.
2, 3, 37
List the prime factors of 2369.
23, 103
List the prime factors of 34234.
2, 17117
List the prime factors of 54.
2, 3
List the prime factors of 20326.
2, 10163
List the prime factors of 136841.
136841
What are the prime factors of 2732?
2, 683
List the prime factors of 73413.
3, 2719
What are the prime factors of 2145?
3, 5, 11, 13
What are the prime factors of 24248?
2, 7, 433
List the prime factors of 2179.
2179
List the prime factors of 2965.
5, 593
What are the prime factors of 16254?
2, 3, 7, 43
List the prime factors of 459.
3, 17
What are the prime factors of 1110?
2, 3, 5, 37
List the prime factors of 1073.
29, 37
What are the prime factors of 12283?
71, 173
List the prime factors of 12164.
2, 3041
List the prime factors of 10199.
7, 31, 47
What are the prime factors of 1678?
2, 839
List the prime factors of 2860.
2, 5, 11, 13
List the prime factors of 4318.
2, 17, 127
List the prime factors of 5274.
2, 3, 293
List the prime factors of 4175.
5, 167
What are the prime factors of 65079?
3, 7, 1033
What are the prime factors of 5202?
2, 3, 17
List the prime factors of 2287.
2287
What are the prime factors of 25346?
2, 19, 23, 29
List the prime factors of 2965.
5, 593
What are the prime factors of 1001?
7, 11, 13
List the prime factors of 4652.
2, 1163
What are the prime factors of 10604?
2, 11, 241
List the prime factors of 961.
31
List the prime factors of 23011.
23011
What are the prime factors of 1246?
2, 7, 89
List the prime factors of 122842.
2, 17, 3613
List the prime factors of 374.
2, 11, 17
List the prime factors of 99437.
13, 7649
List the prime factors of 88.
2, 11
What are the prime factors of 1710?
2, 3, 5, 19
List the prime factors of 2.
2
List the prime factors of 42081.
3, 13, 83
What are the prime factors of 51574?
2, 107, 241
What are the prime factors of 1603?
7, 229
What are the prime factors of 30800?
2, 5, 7, 11
What are the prime factors of 137426?
2, 68713
What are the prime factors of 306?
2, 3, 17
What are the prime factors of 2662?
2, 11
List the prime factors of 2692.
2, 673
List the prime factors of 146831.
359, 409
List the prime factors of 33564.
2, 3, 2797
What are the prime factors of 23818?
2, 11909
What are the prime factors of 1503?
3, 167
List the prime factors of 14565.
3, 5, 971
List the prime factors of 24418.
2, 29, 421
What are the prime factors of 60569?
37, 1637
What are the prime factors of 1315?
5, 263
What are the prime factors of 4056?
2, 3, 13
List the prime factors of 6053.
6053
What are the prime factors of 89931?
3, 31, 967
List the prime factors of 118112.
2, 3691
List the prime factors of 39110.
2, 5, 3911
What are the prime factors of 282?
2, 3, 47
List the prime factors of 2289.
3, 7, 109
List the prime factors of 53154.
2, 3, 2953
What are the prime factors of 108?
2, 3
List the prime factors of 70337.
37, 1901
What are the prime factors of 1309?
7, 11, 17
List the prime factors of 480.
2, 3, 5
What are the prime factors of 33?
3, 11
What are the prime factors of 1794?
2, 3, 13, 23
What are the prime factors of 3617?
3617
What are the prime factors of 38120?
2, 5, 953
List the prime factors of 48183.
3, 16061
List the prime factors of 8773.
31, 283
List the prime factors of 4637.
4637
What are the prime factors of 552?
2, 3, 23
What are the prime factors of 2824?
2, 353
List the prime factors of 67713.
3, 22571
What are the prime factors of 728?
2, 7, 13
List the prime factors of 139159.
31, 67
What are the prime factors of 2607?
3, 11, 79
List the prime factors of 3163.
3163
What are the prime factors of 30475?
5, 23, 53
What are the prime factors of 1092?
2, 3, 7, 13
What are the prime factors of 36779?
36779
List the prime factors of 77927.
149, 523
List the prime factors of 3937.
31, 127
What are the prime factors of 3838?
2, 19, 101
What are the prime factors of 1739?
37, 47
What are the prime factors of 70?
2, 5, 7
List the prime factors of 28693.
7, 4099
What are the prime factors of 23319?
3, 2591
What are the prime factors of 3268?
2, 19, 43
What are the prime factors of 459?
3, 17
What are the prime factors of 8989?
89, 101
What are the prime factors of 2512?
2, 157
List the prime factors of 2002.
2, 7, 11, 13
What are the prime factors of 1721?
1721
What are the prime factors of 11572?
2, 11, 263
List the prime factors of 2988.
2, 3, 83
List the prime factors of 23588.
2, 5897
What are the prime factors of 1558?
2, 19, 41
What are the prime factors of 63311?
63311
List the prime factors of 116752.
2, 7297
List the prime factors of 1406.
2, 19, 37
What are the prime factors of 1299?
3, 433
List the prime factors of 29384.
2, 3673
List the prime factors of 716.
2, 179
List the prime factors of 14450.
2, 5, 17
List the prime factors of 2120.
2, 5, 53
List the prime factors of 9605.
5, 17, 113
List the prime factors of 6194.
2, 19, 163
List the prime factors of 1318.
2, 659
What are the prime factors of 561?
3, 11, 17
What are the prime factors of 2397?
3, 17, 47
List the prime factors of 51333.
3, 71, 241
List the prime factors of 42055.
5, 13, 647
What are the prime factors of 3212?
2, 11, 73
What are the prime factors of 1121?
19, 59
What are the prime factors of 6651?
3, 739
What are the prime factors of 1618?
2, 809
List the prime factors of 7959.
3, 7, 379
What are the prime factors of 89263?
23, 3881
What are the prime factors of 465?
3, 5, 31
What are the prime factors of 34974?
2, 3, 29, 67
What are the prime factors of 3865?
5, 773
List the prime factors of 9691.
11, 881
List the prime factors of 4331.
61, 71
List the prime factors of 2033.
19, 107
List the prime factors of 3080.
2, 5, 7, 11
List the prime factors of 1526.
2, 7, 109
What are the prime factors of 584?
2, 73
List the prime factors of 3333.
3, 11, 101
List the prime factors of 9107.
7, 1301
What are the prime factors of 14725?
5, 19, 31
What are the prime factors of 1254?
2, 3, 11, 19
List the prime factors of 8669.
8669
What are the prime factors of 12293?
19, 647
What are the prime factors of 613?
613
List the prime factors of 122.
2, 61
What are the prime factors of 1156?
2, 17
List the prime factors of 71440.
2, 5, 19, 47
List the prime factors of 3686.
2, 19, 97
What are the prime factors of 339?
3, 113
List the prime factors of 353.
353
What are the prime factors of 19378?
2, 9689
List the prime factors of 36716.
2, 67, 137
List the prime factors of 6777.
3, 251
What are the prime factors of 12851?
71, 181
What are the prime factors of 20166?
2, 3, 3361
What are the prime factors of 10?
2, 5
What are the prime factors of 4993?
4993
What are the prime factors of 2342?
2, 1171
List the prime factors of 648.
2, 3
What are the prime factors of 1558?
2, 19, 41
What are the prime factors of 6521?
6521
List the